 17. Suppose -3*m - 2*f - 3*f - 1 = 0, -l*f - 22 = -4*m. What is k(m)?
1
Let n(o) = o**3 - 4*o**2 - 5*o + 3. Suppose 0 = c - 4*l + 11, l - 31 = -5*c - 2. Let u be n(c). Let r(a) = 1 - 3*a + a + u*a. What is r(5)?
6
Let l be (-2)/3 + (-48)/9. Let i = l + 3. Let q(k) = k**3 - k**2 + k - 1. Let s(j) = 6*j**3 - 4*j**2 + 4*j - 4. Let x(u) = 11*q(u) - 2*s(u). Give x(i).
-12
Let m(l) = -1 + 5 - l - 2 - 3. Suppose -s = -4*s + 18. Suppose 6*z - 3*z = s. What is m(z)?
-3
Let n be (-26 + -1)/(3/3). Let k = -11 - n. Suppose 4 + k = 4*i. Let v(q) = q**2 - 6*q + 2. Determine v(i).
-3
Let h(u) = 4*u**2 - 18*u - 5. Let s be h(5). Let c(d) = 2*d + 2. Calculate c(s).
12
Let m = 15 + -13. Let a be 2/1 - (-1 + m). Let i(h) = 3*h**2. Give i(a).
3
Let l(r) = -r + 1. Suppose 2*v - 3*v = -2*p, 0 = v + 2*p - 8. Suppose -5*j = -6 - v. Suppose j*h - 24 = -2*h. Calculate l(h).
-5
Let k(r) = 7*r. Let t(o) = -20*o. Let n(v) = 17*k(v) + 6*t(v). Let l be (-3)/(-3)*(1 - -2). Suppose -d - l = -0. Determine n(d).
3
Suppose -2 - 3 = 5*x. Suppose -a - 4 = -8. Let c(b) = -6*b**3 + b**2 + 104 - 103 + a*b - 3*b. Determine c(x).
7
Let y(b) = -b**2 - 10*b + 6. Let t(f) = f**2 + 9*f - 5. Let w = 1 - -3. Let c(p) = w*y(p) + 5*t(p). Suppose -4*z = 44 - 28. Calculate c(z).
-5
Let r(v) = 13*v**2 + v - 1. Suppose 4*s + 7 = 7*c - 2*c, 0 = 4*c + 3*s + 13. Let n be -2*c/(-8)*-4. Calculate r(n).
13
Let w(p) = p**2 - 4*p - 5. Let q(g) = -g - 1. Let n(u) = -4*q(u) + w(u). Determine n(2).
3
Suppose 5*c + 1 = 4*c. Let d be 6/(-8) - (-3)/4. Let g(o) = 0*o**3 - 4*o + 3*o + 4*o**3 - 2*o**2 + d*o**3. Calculate g(c).
-5
Let k = -22 + 6. Let d = k + 15. Let l(a) = -15*a. Calculate l(d).
15
Suppose 0 = -3*c - 11 - 4. Suppose -2*k = 3*k - 3*v - 267, -5*k + 5*v + 265 = 0. Let x(l) = -2*l - 57 + k - 3*l + 6*l. Calculate x(c).
-8
Suppose 22 = 3*i + r + 3*r, 5*i - 2*r - 2 = 0. Let j(f) be the third derivative of f**6/60 - f**5/60 - f**3/3 + 69*f**2. Calculate j(i).
10
Let u(h) = h**2 - 14. Let g(q) = q - 27. Let a(t) = t**2. Let f(d) = -2*a(d) - g(d). Let o(w) = -4*f(w) - 7*u(w). Determine o(-7).
11
Let z(c) = -79*c**2 + 4*c**3 + 77*c**2 + c - 7*c**3. Determine z(-2).
14
Let o(m) = -m + 5. Let a be o(5). Suppose 3*j + 9 + a = -x, x + 3 = -j. Let t(z) = 0*z**2 + 2*z + z**2 + x*z**2 - 30 + 23. Give t(-5).
8
Let o be (-26)/7 - 2/7. Let b be 6 + -1*o/(-2). Let h(r) = -2034*r + 1017*r + 1020*r - 6. Calculate h(b).
6
Let q(z) = -z**2 + 4*z - 3. Let x(u) = 3*u**2 + 8*u + 3. Let m(j) = j**2. Let f(g) = 2*m(g) - x(g). Let s be f(-7). Calculate q(s).
-3
Let j(f) = -3*f**3 + 12*f**2 + 8*f + 14. Let c(x) = x**3 - 4*x**2 - 3*x - 5. Let q(r) = -7*c(r) - 2*j(r). Calculate q(5).
7
Let h(y) be the first derivative of -y**4/2 + y**3 - y**2 + 2*y + 8. Determine h(2).
-6
Suppose q = -g + 6*g - 6, -10 = -2*q - g. Let r(s) = -14*s**2 + 5*s. Let l(t) = -5*t**2 + 2*t. Let b(o) = 17*l(o) - 6*r(o). Determine b(q).
0
Let z(t) = t**3 + 4*t**2 - 7*t - 5. Suppose 2*y + h + 4*h = 0, -3*y - 3*h = 9. Let g be z(y). Let f(x) = 2*x - 6. Give f(g).
4
Let o(v) = v - 4. Suppose -6 = -2*n - 0. Suppose -n*y + 5 = -1. Give o(y).
-2
Let y(i) = -i**3 + i**2 + 6. Let b = 3 - 1. Suppose -r + 5 = b*z, 2*r - 6*r = 4*z - 20. Calculate y(z).
6
Let u be -2*1*5/(-1). Let i = 24 - 23. Let d(p) = -p**2 - 4*p + i - u + 3. Determine d(-4).
-6
Let t(u) = 11*u**3 - 27*u**2 - 14*u - 19. Let a(h) = -5*h**3 + 13*h**2 + 7*h + 9. Let c(s) = 13*a(s) + 6*t(s). What is c(-6)?
-3
Let g(p) = 1 - p + 5 + 2. Give g(12).
-4
Let n(d) = 0 - d - 3 - 5. Suppose 0*g = 2*g. Suppose -k - 1 - 4 = g. What is n(k)?
-3
Let x(l) = l**3 - 4*l**2 - l + 3. Suppose -5*t - 1 + 5 = -4*z, 2*t - 4 = z. Determine x(t).
-1
Suppose -h = -4*n + 5, 3*h - 8*h + 23 = 4*n. Let o(l) be the third derivative of -h*l**2 + 1/3*l**3 + 0 - 1/12*l**4 + 0*l. What is o(5)?
-8
Let d(v) be the third derivative of -2*v**2 + 1/120*v**6 + 0 + 0*v - 1/15*v**5 - 1/4*v**4 + 7/6*v**3. Let u = -185 - -190. What is d(u)?
2
Let v(l) = l - 2. Let z(a) = 3*a - 5. Let r(f) = 7*v(f) - 2*z(f). Let p(t) = -5*t**3 - 1 + 1 + t**2 - t - 3*t**2. Let n be p(-1). What is r(n)?
0
Let g(n) = n - 5. Suppose 4*p = -8*p. Give g(p).
-5
Let a(z) = -3 + z - 3 - z**3 + 5*z**2 + 0*z**3. Let r(l) = l**2 + 2*l - 3. Let m = 8 + -6. Let h be r(m). What is a(h)?
-1
Let q(z) be the third derivative of z**8/2240 - z**7/5040 + z**6/720 + z**5/60 - 3*z**2. Let h(r) be the third derivative of q(r). Let m = -3 - -4. Give h(m).
9
Let h be ((-30)/(-14) + -3)*-7. Let m(u) = 3*u - h*u - u + 2 + 2. Determine m(3).
-8
Let x = -5 - -9. Suppose -x*l = 4*h, 0*h + 2*h = -5*l - 3. Let k = 3 + h. Let z(p) = p**3 - 3*p**2 - 5*p - 3. What is z(k)?
-7
Suppose -4*m - 8 = 4. Let p(l) = -2*l + 1. Calculate p(m).
7
Let j(q) = -5*q + 7 + 0 + 7*q - 4*q. Calculate j(7).
-7
Let n(x) = -x**3 + 5*x**2 - 4*x - 3. Suppose 2 + 4 = g. Suppose -g*s = -2*s - 16. What is n(s)?
-3
Suppose m + y - 3 = 5, y - 32 = -5*m. Let a(r) = 0 + 5*r**2 - 10*r**2 + r + 2 + m*r**2. Determine a(0).
2
Let s(x) = -5*x - 4 - 10*x**2 + 9*x**2 + 14. Let o be s(-7). Let c(j) = j**2 + 6*j + 2. What is c(o)?
-6
Let t(d) = d**2 + 2*d - 2. Let n(z) = 2*z**2 + 3*z - 4. Let b(h) = 3*n(h) - 5*t(h). Let v = 1 - 1. Give b(v).
-2
Let c(j) = -5*j**2 - 5*j + 20. Suppose -1 = p + 4. Let v = p - 6. Let m(s) = s**2 + s - 4. Let u(l) = v*m(l) - 2*c(l). Calculate u(-3).
-2
Let d(i) = 5*i + 1. Let c be -2 + 0/2 + 4. Determine d(c).
11
Let x = -3 - -1. Let j be 8*-1 + (x - -2). Let w = -11 - j. Let i(g) = g**3 + 2*g**2 - 2*g - 2. What is i(w)?
-5
Let l = -15 + 18. Let z(t) be the second derivative of t + 1/3*t**l - 5/2*t**2 + 0. Give z(5).
5
Suppose 310 = 7*g - 2*g. Let w be 42/98 - g/14. Let u(b) = b - 1. Determine u(w).
-5
Let l be 2/(-2) - (5 + 0). Let d(q) be the second derivative of q**3/6 + 7*q**2/2 - 2*q. Let n be d(l). Let o(m) = -3*m**2 + m - 1. Calculate o(n).
-3
Let q(m) = m + 4. Let r be (-4)/18 - (-150)/(-54). What is q(r)?
1
Let c = -20 - -14. Let i(f) = -f**2 - 7*f - 9. Give i(c).
-3
Let h(g) = g - 1. Let j(p) = -3*p**2 - 15*p + 18. Let c(r) = -18*h(r) - j(r). Calculate c(2).
6
Suppose -5*p + 10 = -15. Suppose 0 = -p*b + u - 9, 5 = -4*b + 3*u. Let m(v) be the first derivative of -v**2/2 + 2*v - 6. Give m(b).
4
Let h(a) = -10*a**2 - 1. Suppose 3 = 4*z - 7*z. Calculate h(z).
-11
Let z(w) = 0*w**3 + w**2 - 4 - 4*w + 3 + w**3. Calculate z(-3).
-7
Let x(m) be the first derivative of 8*m**3/3 + m**2/2 - 29. Suppose 0 = -3*h + 2*h - 1. Determine x(h).
7
Let u(n) = -11*n - 19. Let o(g) = 5*g + 9. Let r(l) = 13*o(l) + 6*u(l). What is r(5)?
-2
Let q = -38 - -43. Let n(y) = y**2 - 6*y + 6. Determine n(q).
1
Let a = 16 + -13. Let o(h) = 2*h + 3. Calculate o(a).
9
Suppose 7*f = 4*f + 18. Let g(h) = 2*h**3 + 6*h**2 - 8*h - 2. Let u(c) = 5*c**3 + 12*c**2 - 19*c - 3. Let p(i) = -7*g(i) + 3*u(i). Give p(f).
-1
Let c(u) = u**3 - 4*u**2 - 3*u - 5. Let q(h) = h**3 - 17*h**2 + 18*h - 27. Let n be q(16). Calculate c(n).
5
Let c(s) = s**2 - 2*s. Let o(a) = -5*a**2 + 2*a - 2. Let l(y) = -4*c(y) - o(y). Determine l(-6).
2
Let y(g) = 2*g**2 - g**2 + g + 2 - 4*g + 0*g. Let m = 110 + -106. Calculate y(m).
6
Let f(q) be the second derivative of 1/20*q**5 - 1/4*q**4 + 1/3*q**3 - 4*q + 0 - 2*q**2. What is f(3)?
2
Let w(s) = 4*s. Let b = -10 - -4. Let u = 7 + b. What is w(u)?
4
Let u(z) = -z**3 - 4*z**2 - 3*z. Let x be u(-2). Let r(c) = c**3 + 5*c**2 + 5*c + 6. Let y be r(-4). Let t(g) = 0*g + 4*g + y + g**2 - 3*g + g. What is t(x)?
2
Suppose -2*w = -2 - 0. Let p(z) = -4*z - w + 2*z + 0*z. Let i = -8 - -12. Give p(i).
-9
Let c(q) be the first derivative of -q**4/4 + q**3 + 5*q**2/2 - 2*q + 1. Suppose 9 = -4*g - 5*n, -4*n = g + 4 + 12. Suppose g*w - 3 = 13. Determine c(w).
2
Let d = -7 - -9. Suppose -10 = -d*l + 2*j, l - 5*l = j. Let c(y) = -9*y + 1. Give c(l).
-8
Let o(p) be the first derivative of -7*p**4/4 - 2*p**3/3 + p - 6. Give o(1).
-8
Let i = 14 - 10. Suppose -s - 19 = -4*n, -8 - i = -2*n - 2*s. Let r(q) be the second derivative of q**4/12 - 2*q**3/3 - 3*q**2/2 + q. Determine r(n).
2
Let i(v) = -5*v**2 - 2*v - 1. Suppose -2*j + 6*j + h - 4 = 0, j = -4*h - 14. Suppose 0 = 2*y + j. Calculate i(y).
-4
Suppose 0 = -3*z - 2*u - 19, -5*u = -4*z - 4*u - 7. Let y(p) = -p**3 - 4*p**2 + 4. Give y(z).
-5
Let h(c) = c**2 - 2*c - 1. Suppose -4*l = -1